o base 16
-4
What is -2a (base 15) in base 13?
-31
Convert 2 (base 8) to base 3.
2
Convert -11 (base 3) to base 16.
-4
4 (base 13) to base 10
4
What is 0 (base 8) in base 11?
0
-27 (base 15) to base 10
-37
Convert 220 (base 8) to base 2.
10010000
-65 (base 9) to base 2
-111011
What is -1002 (base 3) in base 4?
-131
-132 (base 4) to base 15
-20
What is 12 (base 5) in base 10?
7
-2 (base 16) to base 6
-2
What is -11 (base 4) in base 12?
-5
What is 106 (base 8) in base 13?
55
-4 (base 13) to base 6
-4
Convert 3 (base 11) to base 13.
3
47 (base 8) to base 11
36
Convert -4 (base 16) to base 5.
-4
What is -47 (base 15) in base 8?
-103
-8 (base 16) to base 2
-1000
What is 163 (base 9) in base 16?
8a
Convert -7 (base 15) to base 8.
-7
Convert 1 (base 5) to base 2.
1
-12 (base 12) to base 16
-e
21 (base 14) to base 9
32
Convert 2 (base 6) to base 16.
2
What is -16 (base 9) in base 5?
-30
What is -135 (base 10) in base 13?
-a5
-30 (base 9) to base 13
-21
0 (base 13) to base 12
0
6 (base 13) to base 4
12
Convert 1 (base 12) to base 4.
1
Convert -3 (base 13) to base 3.
-10
7 (base 11) to base 16
7
What is -1 (base 6) in base 13?
-1
What is -3 (base 9) in base 7?
-3
What is 118 (base 10) in base 12?
9a
What is -c (base 14) in base 11?
-11
Convert -1010111 (base 2) to base 7.
-153
What is -67 (base 8) in base 7?
-106
Convert 7 (base 11) to base 9.
7
Convert -c (base 16) to base 11.
-11
What is -4 (base 10) in base 8?
-4
20 (base 4) to base 12
8
Convert -2 (base 16) to base 12.
-2
Convert 55 (base 11) to base 9.
66
Convert 1 (base 16) to base 5.
1
Convert -211 (base 3) to base 16.
-16
-1 (base 5) to base 7
-1
Convert 4 (base 7) to base 8.
4
-3 (base 8) to base 15
-3
What is -20 (base 5) in base 3?
-101
Convert -4 (base 5) to base 14.
-4
What is 12a (base 14) in base 8?
352
Convert 1110 (base 2) to base 5.
24
Convert 25 (base 6) to base 12.
15
4 (base 16) to base 9
4
Convert 36 (base 8) to base 10.
30
112 (base 3) to base 13
11
Convert -312 (base 5) to base 14.
-5c
Convert 4 (base 5) to base 16.
4
Convert -3c (base 16) to base 15.
-40
What is 3 (base 10) in base 7?
3
What is -4 (base 14) in base 6?
-4
Convert -c0 (base 13) to base 8.
-234
What is 12 (base 4) in base 14?
6
What is 30 (base 12) in base 7?
51
What is -222 (base 4) in base 5?
-132
Convert 3c (base 13) to base 15.
36
7a (base 12) to base 2
1011110
1010000 (base 2) to base 13
62
What is -11 (base 7) in base 3?
-22
Convert 100 (base 2) to base 10.
4
-3 (base 16) to base 4
-3
10 (base 4) to base 9
4
What is -6 (base 11) in base 4?
-12
3 (base 16) to base 9
3
Convert 14 (base 12) to base 7.
22
What is 10 (base 16) in base 10?
16
Convert 254 (base 6) to base 9.
127
-136 (base 12) to base 6
-510
What is 65 (base 7) in base 10?
47
-173 (base 9) to base 16
-93
61 (base 10) to base 8
75
0 (base 13) to base 12
0
What is -1 (base 2) in base 15?
-1
Convert -2001 (base 3) to base 9.
-61
What is 0 (base 2) in base 8?
0
What is -40 (base 5) in base 8?
-24
-1211 (base 3) to base 2
-110001
Convert 3 (base 16) to base 9.
3
What is -114 (base 10) in base 13?
-8a
80 (base 9) to base 11
66
What is 0 (base 16) in base 11?
0
Convert -7 (base 15) to base 5.
-12
Convert -4 (base 10) to base 2.
-100
-6 (base 15) to base 4
-12
What is -66 (base 11) in base 8?
-110
Convert 141 (base 13) to base 16.
de
-30 (base 12) to base 7
-51
9 (base 15) to base 9
10
What is 304 (base 7) in base 6?
411
4 (base 9) to base 12
4
-14 (base 11) to base 3
-120
What is 0 (base 2) in base 10?
0
What is 1 (base 16) in base 5?
1
-45 (base 10) to base 9
-50
31 (base 4) to base 5
23
Convert -1 (base 9) to base 4.
-1
What is 13 (base 13) in base 7?
22
-10 (base 9) to base 14
-9
Convert -2 (base 11) to base 2.
-10
Convert 1 (base 2) to base 13.
1
-2001 (base 3) to base 13
-43
Convert 13 (base 5) to base 9.
8
What is 11 (base 10) in base 6?
15
130 (base 7) to base 15
4a
-2 (base 7) to base 14
-2
What is 14 (base 10) in base 8?
16
Convert 11 (base 5) to base 12.
6
Convert -18 (base 9) to base 15.
-12
Convert -10 (base 2) to base 11.
-2
What is -2 (base 6) in base 3?
-2
What is -1201 (base 3) in base 8?
-56
Convert 6b (base 15) to base 4.
1211
Convert 160 (base 9) to base 5.
1020
Convert -1 (base 10) to base 14.
-1
What is 1122 (base 5) in base 15?
ac
Convert b7 (base 14) to base 2.
10100001
What is 1 (base 2) in base 9?
1
Convert 99 (base 10) to base 7.
201
What is -10 (base 2) in base 16?
-2
-19 (base 16) to base 8
-31
Convert -1 (base 10) to base 12.
-1
Convert 42 (base 6) to base 11.
24
-14 (base 7) to base 10
-11
Convert -231 (base 4) to base 15.
-30
What is 9d (base 14) in base 11?
117
What is 42 (base 5) in base 8?
26
Convert -2102 (base 3) to base 4.
-1001
What is 0 (base 10) in base 6?
0
What is -128 (base 9) in base 4?
-1223
-5 (base 12) to base 13
-5
1 (base 10) to base 13
1
10100 (base 2) to base 15
15
Convert 24 (base 15) to base 14.
26
What is -6 (base 9) in base 4?
-12
-b (base 16) to base 3
-102
-100 (base 10) to base 4
-1210
21 (base 3) to base 5
12
100 (base 2) to base 8
4
Convert 71 (base 11) to base 13.
60
24 (base 12) to base 13
22
Convert 24 (base 7) to base 3.
200
Convert -7 (base 15) to base 10.
-7
What is -232 (base 4) in base 12?
-3a
Convert -101 (base 7) to base 11.
-46
57 (base 10) to base 16
39
-2 (base 10) to base 9
-2
What is 6 (base 8) in base 11?
6
What is -25 (base 10) in base 8?
-31
1 (base 3) to base 15
1
Convert 101 (base 8) to base 9.
72
10110 (base 2) to base 11
20
What is -22 (base 3) in base 13?
-8
What is -284 (base 11) in base 12?
-23a
Convert 1030 (base 4) to base 9.
84
-37 (base 14) to base 12
-41
2 (base 6) to base 11
2
What is -30 (base 10) in base 12?
-26
-26 (base 15) to base 14
-28
Convert 14 (base 6) to base 8.
12
Convert 5 (base 6) to base 11.
5
122 (base 12) to base 7
332
What is 10 (base 2) in base 4?
2
Convert -15 (base 11) to base 12.
-14
What is -6 (base 9) in base 8?
-6
Convert 57 (base 12) to base 10.
67
What is -7 (base 11) in base 12?
-7
-142 (base 14) to base 15
-11e
What is 4 (base 9) in base 5?
4
-32 (base 7) to base 3
-212
Convert 2a (base 13) to base 7.
51
Convert 2 (base 8) to base 11.
2
Convert 25 (base 14) to base 9.
36
3 (base 15) to base 8
3
Convert 0 (base 4) to base 2.
0
25 (base 10) to base 11
23
What is -10 (base 8) in base 5?
-13
What is 17 (base 14) in base 4?
111
Convert 30 (base 10) to base 15.
20
-2 (base 6) to base 16
-2
Convert 11 (base 7) to base 10.
8
Convert -3 (base 10) to base 16.
-3
What is -10 (base 11) in base 14?
-b
1b5 (base 15) to base 12
28b
What is 132 (base 7) in base 8?
110
Convert 142 (base 8) to base 14.
70
-323 (base 6) to base 4
-1323
What is 2d (base 16) in base 12?
39
What is 11010 (base 2) in base 8?
32
a5 (base 16) to base 3
20010
Convert -533 (base 6) to base 16.
-c9
-8 (base 13) to base 8
-10
Convert 3 (base 5) to base 7.
3
What is 11 (base 2) in base 9?
3
Convert -144 (base 5) to base 15.
-34
Convert -6 (base 9) to base 15.
-6
What is -36 (base 8) in base 11?
-28
Convert -22 (base 6) to base 14.
-10
-10 (base 11) to base 14
-b
-110 (base 3) to base 6
-20
What is 1 (base 7) in base 9?
1
What is 3 (base 14) in base 2?
11
Convert -8 (base 16) to base 9.
-8
Convert -10 (base 4) to base 9.
-4
Convert -204 (base 9) to base 6.
-434
Convert 13 (base 6) to base 7.
12
What is -1 (base 12) in base 3?
-1
What is a4 (base 13) in base 16?
86
-2 (base 15) to base 14
-2
11110 (base 2) to base 12
26
-105 (base 6) to base 5
-131
Convert -10 (base 6) to base 3.
-20
What is 16 (base 15) in base 3?
210
What is 64 (base 14) in base 13?
6a
Convert -134 (base 11) to base 7.
-314
Convert -27 (base 13) to base 7.
-45
-5 (base 11) to base 3
-12
What is -3 (base 13) in base 11?
-3
What is 1 (base 4) in base 9?
1
What is 9 (base 10) in base 11?
9
Convert 413 (base 6) to base 10.
153
-41 (base 11) to base 16
-2d
16 (base 11) to base 6
25
-24 (base 6) to base 16
-10
112 (base 3) to base 10
14
What is 5a (base 12) in base 15?
4a
1000 (base 2) to base 5
13
-113 (base 6) to base 7
-63
What is 95 (base 15) in base 7?
260
4 (base 16) to base 8
4
Convert 16 (base 13) to base 6.
31
What is 1a (base 11) in base 9?
23
133 (base 5) to base 12
37
Convert -aa (base 16) to base 12.
-122
2 (base 3) to base 2
10
-10 (base 13) to base 16
-d
52 (base 6) to base 12
28
-11 (base 2) to base 13
